(j) = j**3 + 16*j**2 + 39*j - 11. Determine s(-13).
-11
Let u(j) = 8*j**2 - 12*j - 17. Calculate u(-5).
243
Let b(a) = 2*a**3 - 68*a**2 + 331*a + 132. Give b(28).
-8
Let d(u) = 3*u**3 + 108*u**2 - 2*u - 37. Give d(-36).
35
Let h(w) = 15*w - 619. What is h(37)?
-64
Let y(d) = -34*d**2 - 179*d + 156. Calculate y(-6).
6
Let p(d) = d**2 - d - 428. Determine p(14).
-246
Let h(w) = w + 402. Calculate h(42).
444
Let s(m) = -2*m**2 - 11*m - 37. Determine s(-7).
-58
Let p(k) = -55*k + 462. Give p(9).
-33
Let k(l) = 40*l**2 + 36*l + 37. Determine k(-1).
41
Let u(j) = j**3 - 25*j**2 - 53*j - 57. Determine u(27).
-30
Let h(v) = 2*v**3 + 48*v**2 - 7*v - 235. Give h(-24).
-67
Let c(x) = -182*x + 8923. What is c(49)?
5
Let o(z) = 2*z - 76. Give o(31).
-14
Let k(p) = 7*p**3 - 29*p**2 + 29*p - 1. Determine k(1).
6
Let s(f) = -2*f**3 + 45*f**2 + 99*f + 9. Determine s(-2).
7
Let j(h) = 2*h + 430. Calculate j(-61).
308
Let g(k) = 14*k**2 + 120*k - 4. Calculate g(-7).
-158
Let j(k) = -1231*k - 16014. Calculate j(-13).
-11
Let q(c) = 62*c - 28. Calculate q(2).
96
Let d(i) = -48*i + 1229. What is d(26)?
-19
Let w(n) = -n**3 - 32*n**2 - n + 101. Determine w(-32).
133
Let q(v) = -12*v**3 + 101*v**2 - 17*v + 4. Give q(8).
188
Let b(g) = g**2 + 66*g - 3816. Give b(37).
-5
Let p(a) = 4*a**3 + 9*a**2 - 8*a - 15. Calculate p(-4).
-95
Let y(m) = m**3 + 6*m**2 + 3*m - 24. What is y(5)?
266
Let u(i) = -2*i**3 - 30*i**2 - 42*i + 24. Give u(-13).
-106
Let i(g) = g**3 - 50*g**2 - 38*g - 849. Calculate i(51).
-186
Let n(t) = t**2 + 15*t - 10. Give n(-5).
-60
Let d(y) = -3*y - 91. Give d(33).
-190
Let u(k) = 2*k**2 + 13*k + 13. What is u(-5)?
-2
Let m(q) = -2*q**2 + 169*q - 505. Determine m(81).
62
Let y(v) = -454*v + 536. What is y(2)?
-372
Let y(l) = 3*l**2 - 15*l + 6. Give y(15).
456
Let y(f) = 9*f + 1048. Determine y(44).
1444
Let a(c) = -26*c + 124. Calculate a(27).
-578
Let h(w) = 2*w**2 - 51*w - 243. Give h(-5).
62
Let v(u) = -207*u - 22155. Give v(-107).
-6
Let r(w) = -2*w**3 - 5*w**2 + 90*w + 26. What is r(-8)?
10
Let o(a) = 2*a**2 + 45*a + 170. What is o(-18)?
8
Let r(m) = m**2 + 6*m - 222. Determine r(12).
-6
Let d(v) = 76*v + 258. What is d(-3)?
30
Let v(n) = n**3 + 8*n**2 + 17*n - 2. Determine v(-4).
-6
Let m(u) = 10*u**2 + 231*u. Give m(-23).
-23
Let p(h) = h**2 + 6*h - 46. What is p(-11)?
9
Let h(o) = o**3 - 4*o**2 + 14*o + 11. Determine h(6).
167
Let s(j) = -j**2 - 52*j - 878. Determine s(-19).
-251
Let o(j) = 28099*j + 28096. Determine o(-1).
-3
Let s(b) = -10*b**2 + 154*b - 53. Determine s(15).
7
Let z(j) = 60*j - 3248. What is z(55)?
52
Let j(l) = 65*l - 5697. Calculate j(87).
-42
Let w(j) = 4*j**3 + 60*j**2 - 3*j + 33. Give w(-15).
78
Let j(v) = v**3 - 10*v**2 + 25*v - 32. What is j(7)?
-4
Let g(f) = -3*f**2 + 30*f + 238. Calculate g(16).
-50
Let f(r) = -r**3 - 14*r**2 + 141*r - 134. Calculate f(-21).
-8
Let l(r) = r**3 - 18*r**2 - 22*r + 44. Calculate l(19).
-13
Let z(s) = 99*s - 6346. What is z(64)?
-10
Let b(z) = 3*z**3 - 19*z**2 + 15*z + 15. Calculate b(5).
-10
Let x(o) = -37*o - 600. Calculate x(-16).
-8
Let f(b) = 259*b - 2655. What is f(10)?
-65
Let i(y) = 111*y + 781. Calculate i(-7).
4
Let v(j) = -j**3 - 61*j**2 - 170*j + 117. Calculate v(-58).
-115
Let h(t) = -t**3 - 23*t**2 - 115*t - 36. What is h(-8)?
-76
Let k(l) = -26*l - 2040. What is k(-89)?
274
Let f(g) = g**3 - 36*g**2 - 110*g - 265. Give f(39).
8
Let k(r) = -46*r - 1059. Determine k(-23).
-1
Let o(y) = -18*y + 224. Determine o(18).
-100
Let d(g) = g**3 + 18*g**2 - 37*g - 262. Determine d(-6).
392
Let h(y) = -y**2 - 29*y + 554. Give h(-42).
8
Let m(p) = 6*p**2 + 32*p - 162. What is m(4)?
62
Let a(p) = 111*p**2 + 120*p. What is a(-1)?
-9
Let x(m) = -m**2 + 47*m + 3352. Determine x(-39).
-2
Let n(v) = -3*v**3 + 2*v - 11. Give n(3).
-86
Let a(g) = 56027*g + 280131. Give a(-5).
-4
Let c(r) = -14*r - 349. Calculate c(-23).
-27
Let p(g) = g**3 + 43*g**2 - 10*g - 23. Calculate p(0).
-23
Let w(c) = -c**3 - 12*c**2 - 9*c + 102. Determine w(-10).
-8
Let f(c) = 7*c**2 + 38*c + 66. Determine f(-2).
18
Let p(n) = n**2 + 1072*n + 185529. Give p(-217).
-6
Let j(d) = 7*d**2 - 4*d + 31. What is j(4)?
127
Let j(y) = y**2 - 6*y - 58. Calculate j(11).
-3
Let f(n) = n**3 - 12*n**2 + 5*n - 19. Calculate f(6).
-205
Let u(p) = -3062*p + 15287. Calculate u(5).
-23
Let r(g) = -272*g**2 - 817*g - 4. Calculate r(-3).
-1
Let n(i) = i**3 - 29*i**2 + 78*i + 5. Calculate n(26).
5
Let r(o) = -72*o**3 - 16*o**2 - 14*o + 2. What is r(-1)?
72
Let p(u) = 8*u - 248. Determine p(0).
-248
Let b(n) = 11*n - 244. Determine b(19).
-35
Let t(s) = s**2 + 54*s - 1621. What is t(21)?
-46
Let l(q) = q**2 - 23*q - 6840. Determine l(95).
0
Let g(c) = 8*c**2 - 14*c + 22. What is g(3)?
52
Let f(r) = 3*r**3 - 14*r**2 + 22*r - 55. Determine f(7).
442
Let u(p) = -3*p**2 + 2*p + 141. What is u(8)?
-35
Let r(b) = 45*b - 912. Calculate r(21).
33
Let w(f) = -5*f**2 + 223*f - 312. Determine w(43).
32
Let d(o) = 193*o + 242. Calculate d(-1).
49
Let h(o) = -2*o**2 - 2360*o - 7067. What is h(-3)?
-5
Let z(t) = -45*t + 6011. What is z(134)?
-19
Let h(s) = -507*s + 3931. Calculate h(8).
-125
Let u(t) = -3*t**3 + 83*t**2 + 26*t + 24. Determine u(28).
-32
Let h(z) = -2*z**3 - 3*z**2 + 97*z + 317. Calculate h(-5).
7
Let o(k) = -k**2 - 40*k - 255. Determine o(-8).
1
Let u(k) = -3*k**2 - 66*k + 116. What is u(-25)?
-109
Let t(u) = -325*u - 34496. What is t(-106)?
-46
Let h(k) = 7*k**3 - 14*k**2 + 1. Determine h(4).
225
Let n(g) = 74*g**2 - 22*g - 40. Give n(-2).
300
Let q(j) = 3*j**3 + 5*j**2 + 14*j + 12. Give q(-4).
-156
Let f(r) = -r**2 - 37*r - 376. Determine f(-16).
-40
Let g(o) = 205*o - 2634. What is g(14)?
236
Let u(c) = -2*c**2 - 145*c - 921. Determine u(-7).
-4
Let h(q) = -3*q**3 + 32*q**2 + 192*q + 15. What is h(15)?
-30
Let x(d) = 2*d**3 - 7*d**2 + 20*d - 68. Calculate x(4).
28
Let r(n) = -479*n - 18195. Calculate r(-38).
7
Let i(t) = -t**3 - 8*t**2 - 14*t - 4. What is i(-3)?
-7
Let b(t) = -t**2 - 70*t - 1232. Determine b(-34).
-8
Let v(x) = 728*x + 41495. Calculate v(-57).
-1
Let k(a) = 9*a**2 + 203*a - 543. Determine k(-25).
7
Let l(t) = -89*t + 564. What is l(7)?
-59
Let h(d) = -11*d**2 + 55*d + 11. Give h(-4).
-385
Let a(y) = y**3 - 29*y**2 + 201*y - 25. Give a(18).
29
Let x(v) = -24*v + 607. What is x(26)?
-17
Let t(y) = 2196*y - 28550. What is t(13)?
-2
Let s(h) = h**3 + 131*h**2 + 2*h + 288. Determine s(-131).
26
Let s(m) = -2*m**2 + 25*m + 349. Determine s(21).
-8
Let x(b) = 2*b**2 - 90*b + 120. Determine x(43).
-52
Let i(g) = -g**3 - 7*g**2 - 9*g - 53. Determine i(-6).
-35
Let s(v) = -3*v**3 - 14*v**2 + 24*v - 52. Determine s(-7).
123
Let n(f) = 100*f - 70. What is n(1)?
30
Let n(h) = 106*h + 21. Calculate n(0).
21
Let s(i) = 2*i**2 + 59*i + 77. Calculate s(-30).
107
Let r(n) = -123*n - 11316. Calculate r(-92).
0
Let n(h) = 14*h + 87. Determine n(7).
185
Let c(l) = 14681*l - 73408. Give c(5).
-3
Let o(c) = 429*c + 11059. Calculate o(-26).
-95
Let t(o) = o**3 - 5*o**2 + 105. Determine t(7).
203
Let s(c) = 8961*c + 4. Determine s(0).
4
Let x(t) = -91*t - 1100. What is x(-12)?
-8
Let g(v) = -v**2 - 30*v - 176. What is g(-23)?
-15
Let o(q) = 33*q - 33. Determine o(-4).
-165
Let j(l) = 3*l**2 + 16*l - 89. Give j(-7).
-54
Let v(d) = 9*d**2 - 9214*d + 9214. Give v(1).
9
Let k(t) = -2*t**2 - 197*t - 576. What is k(-3)?
-3
Let x(w) = 2*w**3 - 48*w**2 + 22*w - 530. Give x(24).
-2
Let m(a) = -76*a**2 + 22*a + 45. Calculate m(-2).
-303
Let v(i) = 2*i**3 - 2*i**2 - 36*i + 39. Determine v(1).
3
Let k(r) = r**3 + 183*r**2 - 203*r - 3491. What is k(-184)?
5
Let x(c) = 5*c + 84. Calculate x(-20).
-16
Let a(x) = -x**2 - 17*x + 151. What is a(7)?
-17
Let k(j) = -5*j**3 - 282*j**2 - 175*j - 3512. Give k(-56).
16
Let s(g) = -2*g**2 + 4*g + 222. Give s(14).
-114
Let n(w) = -1058*w - 13759. Determine n(-13).
-5
Let t(x) = -62*x**2 + 3*x - 5. Calculate t(2).
-247
Let g(r) = 183*r - 110. Calculate g(0).
-110
Let r(y) = y**2 - 7*y + 5. Give r(3).
-7
Let m(r) = 17*r**3 - 4*r**2 + 26*r + 75. Give m(-3).
-498
Let w(y) = -6865*y + 34317. Give w(5).
-8
Let r(z) = z**3 - 41*z**2 - 46*z + 138. What is r(42)?
-30
Let u(z) = 4*z**2 + 61*z + 36. Give u(-16).
84
Let s(v) = -v**2 - 115*v - 874. Calculate s(-107).
-18
Let o(f) = -3*f**2 + 83*f - 500. Determine o(19).
-6
Let t